[INFO] fetching crate taskerctl 0.1.5...
[INFO] checking taskerctl-0.1.5 against master#9610dfe5a9a731ced1ea4923ecbd0c57fe367898 for beta-170-4
[INFO] extracting crate taskerctl 0.1.5 into /workspace/builds/worker-6-tc1/source
[INFO] validating manifest of crates.io crate taskerctl 0.1.5 on toolchain 9610dfe5a9a731ced1ea4923ecbd0c57fe367898
[INFO] running `Command { std: CARGO_HOME="/workspace/cargo-home" RUSTUP_HOME="/workspace/rustup-home" "/workspace/cargo-home/bin/cargo" "+9610dfe5a9a731ced1ea4923ecbd0c57fe367898" "metadata" "--manifest-path" "Cargo.toml" "--no-deps", kill_on_drop: false }`
[INFO] started tweaking crates.io crate taskerctl 0.1.5
[INFO] finished tweaking crates.io crate taskerctl 0.1.5
[INFO] tweaked toml for crates.io crate taskerctl 0.1.5 written to /workspace/builds/worker-6-tc1/source/Cargo.toml
[INFO] crate crates.io crate taskerctl 0.1.5 already has a lockfile, it will not be regenerated
[INFO] running `Command { std: CARGO_HOME="/workspace/cargo-home" RUSTUP_HOME="/workspace/rustup-home" "/workspace/cargo-home/bin/cargo" "+9610dfe5a9a731ced1ea4923ecbd0c57fe367898" "fetch" "--manifest-path" "Cargo.toml", kill_on_drop: false }`
[INFO] [stderr]     Updating crates.io index
[INFO] [stderr]  Downloading crates ...
[INFO] [stderr]   Downloaded features v0.10.0
[INFO] [stderr]   Downloaded zbus_macros v1.9.3
[INFO] [stderr]   Downloaded derive v1.0.0
[INFO] [stderr]   Downloaded zbus v1.9.3
[INFO] [stderr]   Downloaded comfy-table v6.2.0
[INFO] [stderr]   Downloaded readable-perms v0.1.3
[INFO] [stderr]   Downloaded notify-rust v4.8.0
[INFO] [stderr]   Downloaded secret-service v2.0.2
[INFO] [stderr]   Downloaded terminal-text-styler v0.1.0
[INFO] [stderr]   Downloaded hkdf v0.11.0
[INFO] [stderr]   Downloaded zbus_macros v3.13.1
[INFO] [stderr]   Downloaded zbus v3.13.1
[INFO] [stderr]   Downloaded simple-home-dir v0.1.2
[INFO] [stderr]   Downloaded random-string v1.0.0
[INFO] [stderr]   Downloaded cryptex v1.4.0
[INFO] [stderr]   Downloaded tasker v0.3.1
[INFO] [stderr]   Downloaded libthemis-sys v0.14.0
[INFO] [stderr]   Downloaded themis v0.14.0
[INFO] running `Command { std: "docker" "create" "-v" "/var/lib/crater-agent-workspace/builds/worker-6-tc1/target:/opt/rustwide/target:rw,Z" "-v" "/var/lib/crater-agent-workspace/builds/worker-6-tc1/source:/opt/rustwide/workdir:ro,Z" "-v" "/var/lib/crater-agent-workspace/cargo-home:/opt/rustwide/cargo-home:ro,Z" "-v" "/var/lib/crater-agent-workspace/rustup-home:/opt/rustwide/rustup-home:ro,Z" "-e" "SOURCE_DIR=/opt/rustwide/workdir" "-e" "CARGO_TARGET_DIR=/opt/rustwide/target" "-e" "CARGO_HOME=/opt/rustwide/cargo-home" "-e" "RUSTUP_HOME=/opt/rustwide/rustup-home" "-w" "/opt/rustwide/workdir" "-m" "1610612736" "--user" "0:0" "--network" "none" "ghcr.io/rust-lang/crates-build-env/linux@sha256:19e73879b68f455e41552ea35293514db52ea292d993f571636dbffedb77a1ee" "/opt/rustwide/cargo-home/bin/cargo" "+9610dfe5a9a731ced1ea4923ecbd0c57fe367898" "metadata" "--no-deps" "--format-version=1", kill_on_drop: false }`
[INFO] [stdout] 41cb2b3cb2a8b41694f5d7a37ac5b959abdd52121460a94411b32ec483dcce22
[INFO] running `Command { std: "docker" "start" "-a" "41cb2b3cb2a8b41694f5d7a37ac5b959abdd52121460a94411b32ec483dcce22", kill_on_drop: false }`
[INFO] running `Command { std: "docker" "inspect" "41cb2b3cb2a8b41694f5d7a37ac5b959abdd52121460a94411b32ec483dcce22", kill_on_drop: false }`
[INFO] running `Command { std: "docker" "rm" "-f" "41cb2b3cb2a8b41694f5d7a37ac5b959abdd52121460a94411b32ec483dcce22", kill_on_drop: false }`
[INFO] [stdout] 41cb2b3cb2a8b41694f5d7a37ac5b959abdd52121460a94411b32ec483dcce22
[INFO] running `Command { std: "docker" "create" "-v" "/var/lib/crater-agent-workspace/builds/worker-6-tc1/target:/opt/rustwide/target:rw,Z" "-v" "/var/lib/crater-agent-workspace/builds/worker-6-tc1/source:/opt/rustwide/workdir:ro,Z" "-v" "/var/lib/crater-agent-workspace/cargo-home:/opt/rustwide/cargo-home:ro,Z" "-v" "/var/lib/crater-agent-workspace/rustup-home:/opt/rustwide/rustup-home:ro,Z" "-e" "SOURCE_DIR=/opt/rustwide/workdir" "-e" "CARGO_TARGET_DIR=/opt/rustwide/target" "-e" "CARGO_INCREMENTAL=0" "-e" "RUST_BACKTRACE=full" "-e" "RUSTFLAGS=--cap-lints=forbid" "-e" "RUSTDOCFLAGS=--cap-lints=forbid" "-e" "CARGO_HOME=/opt/rustwide/cargo-home" "-e" "RUSTUP_HOME=/opt/rustwide/rustup-home" "-w" "/opt/rustwide/workdir" "-m" "1610612736" "--user" "0:0" "--network" "none" "ghcr.io/rust-lang/crates-build-env/linux@sha256:19e73879b68f455e41552ea35293514db52ea292d993f571636dbffedb77a1ee" "/opt/rustwide/cargo-home/bin/cargo" "+9610dfe5a9a731ced1ea4923ecbd0c57fe367898" "check" "--frozen" "--all" "--all-targets" "--message-format=json", kill_on_drop: false }`
[INFO] [stdout] d228575ae0ee559be3622082f7e7a0928d97953e3a0b093962eea544f08a2407
[INFO] running `Command { std: "docker" "start" "-a" "d228575ae0ee559be3622082f7e7a0928d97953e3a0b093962eea544f08a2407", kill_on_drop: false }`
[INFO] [stderr]    Compiling libc v0.2.144
[INFO] [stderr]    Compiling syn v1.0.109
[INFO] [stderr]    Compiling generic-array v0.14.7
[INFO] [stderr]    Compiling syn v2.0.18
[INFO] [stderr]    Compiling indexmap v1.9.3
[INFO] [stderr]    Compiling toml_datetime v0.6.2
[INFO] [stderr]    Compiling io-lifetimes v1.0.11
[INFO] [stderr]    Compiling winnow v0.4.1
[INFO] [stderr]     Checking futures-io v0.3.28
[INFO] [stderr]     Checking once_cell v1.17.1
[INFO] [stderr]    Compiling rustix v0.37.19
[INFO] [stderr]     Checking event-listener v2.5.3
[INFO] [stderr]     Checking fastrand v1.9.0
[INFO] [stderr]     Checking linux-raw-sys v0.3.8
[INFO] [stderr]     Checking concurrent-queue v2.2.0
[INFO] [stderr]    Compiling futures-channel v0.3.28
[INFO] [stderr]     Checking parking v2.1.0
[INFO] [stderr]     Checking futures-lite v1.13.0
[INFO] [stderr]     Checking async-lock v2.7.0
[INFO] [stderr]    Compiling futures-util v0.3.28
[INFO] [stderr]    Compiling polling v2.8.0
[INFO] [stderr]    Compiling serde v1.0.163
[INFO] [stderr]     Checking num-integer v0.1.45
[INFO] [stderr]     Checking getrandom v0.2.9
[INFO] [stderr]    Compiling toml_edit v0.19.8
[INFO] [stderr]     Checking socket2 v0.4.9
[INFO] [stderr]    Compiling async-io v1.13.0
[INFO] [stderr]     Checking rand_core v0.6.4
[INFO] [stderr]    Compiling memoffset v0.7.1
[INFO] [stderr]    Compiling num-bigint v0.4.3
[INFO] [stderr]     Checking ppv-lite86 v0.2.17
[INFO] [stderr]     Checking digest v0.9.0
[INFO] [stderr]     Checking rand_chacha v0.3.1
[INFO] [stderr]    Compiling memchr v2.5.0
[INFO] [stderr]    Compiling ahash v0.8.3
[INFO] [stderr]    Compiling num-rational v0.4.1
[INFO] [stderr]    Compiling proc-macro-crate v1.3.1
[INFO] [stderr]    Compiling num-iter v0.1.43
[INFO] [stderr]     Checking subtle v2.4.1
[INFO] [stderr]     Checking smallvec v1.10.0
[INFO] [stderr]     Checking async-task v4.4.0
[INFO] [stderr]     Checking crypto-mac v0.11.1
[INFO] [stderr]    Compiling aho-corasick v1.0.1
[INFO] [stderr]     Checking rand v0.8.5
[INFO] [stderr]     Checking async-channel v1.8.0
[INFO] [stderr]     Checking block-buffer v0.10.4
[INFO] [stderr]     Checking cipher v0.3.0
[INFO] [stderr]     Checking crypto-common v0.1.6
[INFO] [stderr]    Compiling zvariant_utils v1.0.1
[INFO] [stderr]    Compiling async-fs v1.6.0
[INFO] [stderr]    Compiling parking_lot_core v0.9.7
[INFO] [stderr]    Compiling regex-syntax v0.7.2
[INFO] [stderr]    Compiling signal-hook v0.3.15
[INFO] [stderr]     Checking atomic-waker v1.1.1
[INFO] [stderr]     Checking opaque-debug v0.3.0
[INFO] [stderr]     Checking unicode-width v0.1.10
[INFO] [stderr]    Compiling libthemis-sys v0.14.0
[INFO] [stderr]     Checking blocking v1.3.1
[INFO] [stderr]    Compiling libsqlite3-sys v0.26.0
[INFO] [stderr]     Checking digest v0.10.7
[INFO] [stderr]    Compiling toml v0.5.11
[INFO] [stderr]     Checking nix v0.26.2
[INFO] [stderr]     Checking nix v0.22.3
[INFO] [stderr]     Checking hmac v0.11.0
[INFO] [stderr]     Checking nb-connect v1.2.0
[INFO] [stderr]     Checking num_cpus v1.15.0
[INFO] [stderr]     Checking signal-hook-registry v1.4.1
[INFO] [stderr]     Checking atty v0.2.14
[INFO] [stderr]     Checking num-complex v0.4.3
[INFO] [stderr]     Checking block-buffer v0.9.0
[INFO] [stderr]     Checking tracing-core v0.1.31
[INFO] [stderr]     Checking scoped-tls v1.0.1
[INFO] [stderr]    Compiling rustversion v1.0.12
[INFO] [stderr]    Compiling proc-macro-crate v0.1.5
[INFO] [stderr]     Checking utf8parse v0.2.1
[INFO] [stderr]     Checking anstyle-parse v0.2.0
[INFO] [stderr]     Checking num v0.4.0
[INFO] [stderr]     Checking block-modes v0.8.1
[INFO] [stderr]     Checking rayon-core v1.11.0
[INFO] [stderr]     Checking xdg-home v1.0.0
[INFO] [stderr]    Compiling serde_derive v1.0.163
[INFO] [stderr]    Compiling futures-macro v0.3.28
[INFO] [stderr]    Compiling enumflags2_derive v0.7.7
[INFO] [stderr]    Compiling serde_repr v0.1.12
[INFO] [stderr]    Compiling tracing-attributes v0.1.24
[INFO] [stderr]    Compiling enumflags2_derive v0.6.4
[INFO] [stderr]    Compiling derivative v2.2.0
[INFO] [stderr]    Compiling zvariant_derive v2.10.0
[INFO] [stderr]    Compiling zvariant_derive v3.14.0
[INFO] [stderr]    Compiling zbus_macros v1.9.3
[INFO] [stderr]    Compiling zeroize_derive v1.4.2
[INFO] [stderr]    Compiling regex v1.8.3
[INFO] [stderr]     Checking zeroize v1.6.0
[INFO] [stderr]     Checking tracing v0.1.37
[INFO] [stderr]    Compiling async-recursion v1.0.4
[INFO] [stderr]    Compiling async-trait v0.1.68
[INFO] [stderr]     Checking sha2 v0.9.9
[INFO] [stderr]     Checking hkdf v0.11.0
[INFO] [stderr]    Compiling readable-perms v0.1.3
[INFO] [stderr]     Checking hashbrown v0.13.2
[INFO] [stderr]     Checking sha1 v0.10.5
[INFO] [stderr] The following warnings were emitted during compilation:
[INFO] [stderr] 
[INFO] [stderr] warning: src/dummy.c:17:10: fatal error: themis/themis.h: No such file or directory
[INFO] [stderr] warning:    17 | #include <themis/themis.h>
[INFO] [stderr] warning:       |          ^~~~~~~~~~~~~~~~~
[INFO] [stderr] warning: compilation terminated.
[INFO] [stderr] 
[INFO] [stderr] error: failed to run custom build command for `libthemis-sys v0.14.0`
[INFO] [stderr] note: To improve backtraces for build dependencies, set the CARGO_PROFILE_DEV_BUILD_OVERRIDE_DEBUG=true environment variable to enable debug information generation.
[INFO] [stderr] 
[INFO] [stderr] Caused by:
[INFO] [stderr]   process didn't exit successfully: `/opt/rustwide/target/debug/build/libthemis-sys-47f6c67fc93f6eb0/build-script-build` (exit status: 101)
[INFO] [stderr]   --- stdout
[INFO] [stderr]   cargo:rerun-if-env-changed=LIBTHEMIS_NO_PKG_CONFIG
[INFO] [stderr]   cargo:rerun-if-env-changed=PKG_CONFIG_x86_64-unknown-linux-gnu
[INFO] [stderr]   cargo:rerun-if-env-changed=PKG_CONFIG_x86_64_unknown_linux_gnu
[INFO] [stderr]   cargo:rerun-if-env-changed=HOST_PKG_CONFIG
[INFO] [stderr]   cargo:rerun-if-env-changed=PKG_CONFIG
[INFO] [stderr]   cargo:rerun-if-env-changed=LIBTHEMIS_STATIC
[INFO] [stderr]   cargo:rerun-if-env-changed=LIBTHEMIS_DYNAMIC
[INFO] [stderr]   cargo:rerun-if-env-changed=PKG_CONFIG_ALL_STATIC
[INFO] [stderr]   cargo:rerun-if-env-changed=PKG_CONFIG_ALL_DYNAMIC
[INFO] [stderr]   cargo:rerun-if-env-changed=PKG_CONFIG_PATH_x86_64-unknown-linux-gnu
[INFO] [stderr]   cargo:rerun-if-env-changed=PKG_CONFIG_PATH_x86_64_unknown_linux_gnu
[INFO] [stderr]   cargo:rerun-if-env-changed=HOST_PKG_CONFIG_PATH
[INFO] [stderr]   cargo:rerun-if-env-changed=PKG_CONFIG_PATH
[INFO] [stderr]   cargo:rerun-if-env-changed=PKG_CONFIG_LIBDIR_x86_64-unknown-linux-gnu
[INFO] [stderr]   cargo:rerun-if-env-changed=PKG_CONFIG_LIBDIR_x86_64_unknown_linux_gnu
[INFO] [stderr]   cargo:rerun-if-env-changed=HOST_PKG_CONFIG_LIBDIR
[INFO] [stderr]   cargo:rerun-if-env-changed=PKG_CONFIG_LIBDIR
[INFO] [stderr]   cargo:rerun-if-env-changed=PKG_CONFIG_SYSROOT_DIR_x86_64-unknown-linux-gnu
[INFO] [stderr]   cargo:rerun-if-env-changed=PKG_CONFIG_SYSROOT_DIR_x86_64_unknown_linux_gnu
[INFO] [stderr]   cargo:rerun-if-env-changed=HOST_PKG_CONFIG_SYSROOT_DIR
[INFO] [stderr]   cargo:rerun-if-env-changed=PKG_CONFIG_SYSROOT_DIR
[INFO] [stderr]   TARGET = Some("x86_64-unknown-linux-gnu")
[INFO] [stderr]   OPT_LEVEL = Some("0")
[INFO] [stderr]   HOST = Some("x86_64-unknown-linux-gnu")
[INFO] [stderr]   cargo:rerun-if-env-changed=CC_x86_64-unknown-linux-gnu
[INFO] [stderr]   CC_x86_64-unknown-linux-gnu = None
[INFO] [stderr]   cargo:rerun-if-env-changed=CC_x86_64_unknown_linux_gnu
[INFO] [stderr]   CC_x86_64_unknown_linux_gnu = None
[INFO] [stderr]   cargo:rerun-if-env-changed=HOST_CC
[INFO] [stderr]   HOST_CC = None
[INFO] [stderr]   cargo:rerun-if-env-changed=CC
[INFO] [stderr]   CC = None
[INFO] [stderr]   cargo:rerun-if-env-changed=CFLAGS_x86_64-unknown-linux-gnu
[INFO] [stderr]   CFLAGS_x86_64-unknown-linux-gnu = None
[INFO] [stderr]   cargo:rerun-if-env-changed=CFLAGS_x86_64_unknown_linux_gnu
[INFO] [stderr]   CFLAGS_x86_64_unknown_linux_gnu = None
[INFO] [stderr]   cargo:rerun-if-env-changed=HOST_CFLAGS
[INFO] [stderr]   HOST_CFLAGS = None
[INFO] [stderr]   cargo:rerun-if-env-changed=CFLAGS
[INFO] [stderr]   CFLAGS = None
[INFO] [stderr]   cargo:rerun-if-env-changed=CRATE_CC_NO_DEFAULTS
[INFO] [stderr]   CRATE_CC_NO_DEFAULTS = None
[INFO] [stderr]   DEBUG = Some("true")
[INFO] [stderr]   CARGO_CFG_TARGET_FEATURE = Some("fxsr,sse,sse2")
[INFO] [stderr]   running: "cc" "-O0" "-ffunction-sections" "-fdata-sections" "-fPIC" "-gdwarf-4" "-fno-omit-frame-pointer" "-m64" "-Wall" "-Wextra" "-lthemis" "-o" "/opt/rustwide/target/debug/build/libthemis-sys-4ebd488fe4e929ca/out/src/dummy.o" "-c" "src/dummy.c"
[INFO] [stderr]   cargo:warning=src/dummy.c:17:10: fatal error: themis/themis.h: No such file or directory
[INFO] [stderr]   cargo:warning=   17 | #include <themis/themis.h>
[INFO] [stderr]   cargo:warning=      |          ^~~~~~~~~~~~~~~~~
[INFO] [stderr]   cargo:warning=compilation terminated.
[INFO] [stderr]   exit status: 1
[INFO] [stderr] 
[INFO] [stderr]   --- stderr
[INFO] [stderr] 
[INFO] [stderr]   `libthemis-sys` could not find Themis installation in your system.
[INFO] [stderr] 
[INFO] [stderr]   Please make sure you have appropriate development package installed.
[INFO] [stderr]   On Linux it's called `libthemis-dev`, not just `libthemis`.
[INFO] [stderr]   On macOS Homebrew formula is called `libthemis`.
[INFO] [stderr] 
[INFO] [stderr]   Please refer to the documentation for installation instructions:
[INFO] [stderr] 
[INFO] [stderr]       https://github.com/cossacklabs/themis#quickstart
[INFO] [stderr] 
[INFO] [stderr]   This crate uses `pkg-config` to locate the library. If you use
[INFO] [stderr]   non-standard installation of Themis then you can help pkg-config
[INFO] [stderr]   to locate your library by setting the PKG_CONFIG_PATH environment
[INFO] [stderr]   variable to the path where `libthemis.pc` file is located.
[INFO] [stderr] 
[INFO] [stderr]   `PKG_CONFIG_ALLOW_SYSTEM_CFLAGS="1" PKG_CONFIG_ALLOW_SYSTEM_LIBS="1" "pkg-config" "--libs" "--cflags" "libthemis"` did not exit successfully: exit status: 1
[INFO] [stderr]   error: could not find system library 'libthemis' required by the 'libthemis-sys' crate
[INFO] [stderr] 
[INFO] [stderr]   --- stderr
[INFO] [stderr]   Package libthemis was not found in the pkg-config search path.
[INFO] [stderr]   Perhaps you should add the directory containing `libthemis.pc'
[INFO] [stderr]   to the PKG_CONFIG_PATH environment variable
[INFO] [stderr]   No package 'libthemis' found
[INFO] [stderr] 
[INFO] [stderr]   `libthemis-sys` also tried to use standard system paths, but without success.
[INFO] [stderr]   It seems that Themis is really not installed in your system.
[INFO] [stderr] 
[INFO] [stderr]   thread 'main' panicked at 'Themis Core not installed', /opt/rustwide/cargo-home/registry/src/index.crates.io-6f17d22bba15001f/libthemis-sys-0.14.0/build.rs:66:17
[INFO] [stderr]   stack backtrace:
[INFO] [stderr]      0:     0x55de4f24b7a1 - std::backtrace_rs::backtrace::libunwind::trace::h036e87df56fc4b9d
[INFO] [stderr]                                  at /rustc/9610dfe5a9a731ced1ea4923ecbd0c57fe367898/library/std/src/../../backtrace/src/backtrace/libunwind.rs:93:5
[INFO] [stderr]      1:     0x55de4f24b7a1 - std::backtrace_rs::backtrace::trace_unsynchronized::hd61eb2dbd6ae476a
[INFO] [stderr]                                  at /rustc/9610dfe5a9a731ced1ea4923ecbd0c57fe367898/library/std/src/../../backtrace/src/backtrace/mod.rs:66:5
[INFO] [stderr]      2:     0x55de4f24b7a1 - std::sys_common::backtrace::_print_fmt::h00c50d0875db23c9
[INFO] [stderr]                                  at /rustc/9610dfe5a9a731ced1ea4923ecbd0c57fe367898/library/std/src/sys_common/backtrace.rs:65:5
[INFO] [stderr]      3:     0x55de4f24b7a1 - <std::sys_common::backtrace::_print::DisplayBacktrace as core::fmt::Display>::fmt::h63195ab2dde77ccc
[INFO] [stderr]                                  at /rustc/9610dfe5a9a731ced1ea4923ecbd0c57fe367898/library/std/src/sys_common/backtrace.rs:44:22
[INFO] [stderr]      4:     0x55de4f26e4af - core::fmt::rt::Argument::fmt::h83f4110348c688f4
[INFO] [stderr]                                  at /rustc/9610dfe5a9a731ced1ea4923ecbd0c57fe367898/library/core/src/fmt/rt.rs:138:9
[INFO] [stderr]      5:     0x55de4f26e4af - core::fmt::write::h509367dd365f983a
[INFO] [stderr]                                  at /rustc/9610dfe5a9a731ced1ea4923ecbd0c57fe367898/library/core/src/fmt/mod.rs:1094:21
[INFO] [stderr]      6:     0x55de4f248471 - std::io::Write::write_fmt::h8e60bfebdaabfee5
[INFO] [stderr]                                  at /rustc/9610dfe5a9a731ced1ea4923ecbd0c57fe367898/library/std/src/io/mod.rs:1713:15
[INFO] [stderr]      7:     0x55de4f24b5b5 - std::sys_common::backtrace::_print::h96e550016098cde6
[INFO] [stderr]                                  at /rustc/9610dfe5a9a731ced1ea4923ecbd0c57fe367898/library/std/src/sys_common/backtrace.rs:47:5
[INFO] [stderr]      8:     0x55de4f24b5b5 - std::sys_common::backtrace::print::h7a049611b153a02e
[INFO] [stderr]                                  at /rustc/9610dfe5a9a731ced1ea4923ecbd0c57fe367898/library/std/src/sys_common/backtrace.rs:34:9
[INFO] [stderr]      9:     0x55de4f24d327 - std::panicking::default_hook::{{closure}}::h1b023d46676794c4
[INFO] [stderr]     10:     0x55de4f24d114 - std::panicking::default_hook::hea2961dabcf68e83
[INFO] [stderr]                                  at /rustc/9610dfe5a9a731ced1ea4923ecbd0c57fe367898/library/std/src/panicking.rs:288:9
[INFO] [stderr]     11:     0x55de4f24d7dc - std::panicking::rust_panic_with_hook::h4285c91a8168b001
[INFO] [stderr]                                  at /rustc/9610dfe5a9a731ced1ea4923ecbd0c57fe367898/library/std/src/panicking.rs:705:13
[INFO] [stderr]     12:     0x55de4f2072da - std::panicking::begin_panic::{{closure}}::h0756187617d4d90a
[INFO] [stderr]     13:     0x55de4f21733a - std::sys_common::backtrace::__rust_end_short_backtrace::hcab8aeea341c74fb
[INFO] [stderr]     14:     0x55de4f20725b - std::panicking::begin_panic::hd318a6c6cf727af6
[INFO] [stderr]     15:     0x55de4f1b46d9 - build_script_build::main::h6684c47ac0b6f546
[INFO] [stderr]     16:     0x55de4f1b3f13 - core::ops::function::FnOnce::call_once::ha01feca08b01953b
[INFO] [stderr]     17:     0x55de4f1b40f6 - std::sys_common::backtrace::__rust_begin_short_backtrace::h03d4978f3a952b8c
[INFO] [stderr]     18:     0x55de4f1b4009 - std::rt::lang_start::{{closure}}::hd934f8684efcfeef
[INFO] [stderr]     19:     0x55de4f244285 - core::ops::function::impls::<impl core::ops::function::FnOnce<A> for &F>::call_once::h49ef85a8a8d45198
[INFO] [stderr]                                  at /rustc/9610dfe5a9a731ced1ea4923ecbd0c57fe367898/library/core/src/ops/function.rs:284:13
[INFO] [stderr]     20:     0x55de4f244285 - std::panicking::try::do_call::ha1def14af693a135
[INFO] [stderr]                                  at /rustc/9610dfe5a9a731ced1ea4923ecbd0c57fe367898/library/std/src/panicking.rs:500:40
[INFO] [stderr]     21:     0x55de4f244285 - std::panicking::try::haa3dc2a1139932e2
[INFO] [stderr]                                  at /rustc/9610dfe5a9a731ced1ea4923ecbd0c57fe367898/library/std/src/panicking.rs:464:19
[INFO] [stderr]     22:     0x55de4f244285 - std::panic::catch_unwind::h9d9cbebaf9f15c67
[INFO] [stderr]                                  at /rustc/9610dfe5a9a731ced1ea4923ecbd0c57fe367898/library/std/src/panic.rs:142:14
[INFO] [stderr]     23:     0x55de4f244285 - std::rt::lang_start_internal::{{closure}}::hf660a772669a69cc
[INFO] [stderr]                                  at /rustc/9610dfe5a9a731ced1ea4923ecbd0c57fe367898/library/std/src/rt.rs:148:48
[INFO] [stderr]     24:     0x55de4f244285 - std::panicking::try::do_call::hb1c34715bb9b1c46
[INFO] [stderr]                                  at /rustc/9610dfe5a9a731ced1ea4923ecbd0c57fe367898/library/std/src/panicking.rs:500:40
[INFO] [stderr]     25:     0x55de4f244285 - std::panicking::try::h499866fd990da8f1
[INFO] [stderr]                                  at /rustc/9610dfe5a9a731ced1ea4923ecbd0c57fe367898/library/std/src/panicking.rs:464:19
[INFO] [stderr]     26:     0x55de4f244285 - std::panic::catch_unwind::hac1ffec55b72e7bc
[INFO] [stderr]                                  at /rustc/9610dfe5a9a731ced1ea4923ecbd0c57fe367898/library/std/src/panic.rs:142:14
[INFO] [stderr]     27:     0x55de4f244285 - std::rt::lang_start_internal::h0fecf91cd579e7b6
[INFO] [stderr]                                  at /rustc/9610dfe5a9a731ced1ea4923ecbd0c57fe367898/library/std/src/rt.rs:148:20
[INFO] [stderr]     28:     0x55de4f1b3fe7 - std::rt::lang_start::hdf72ae383d9b399a
[INFO] [stderr]     29:     0x55de4f1b4945 - main
[INFO] [stderr]     30:     0x7f9147a98d90 - <unknown>
[INFO] [stderr]     31:     0x7f9147a98e40 - __libc_start_main
[INFO] [stderr]     32:     0x55de4f1b3d95 - _start
[INFO] [stderr]     33:                0x0 - <unknown>
[INFO] [stderr] warning: build failed, waiting for other jobs to finish...
[INFO] running `Command { std: "docker" "inspect" "d228575ae0ee559be3622082f7e7a0928d97953e3a0b093962eea544f08a2407", kill_on_drop: false }`
[INFO] running `Command { std: "docker" "rm" "-f" "d228575ae0ee559be3622082f7e7a0928d97953e3a0b093962eea544f08a2407", kill_on_drop: false }`
[INFO] [stdout] d228575ae0ee559be3622082f7e7a0928d97953e3a0b093962eea544f08a2407
